f 603 and 5553.
9
What is the highest common divisor of 86207 and 48144074?
5071
Calculate the highest common divisor of 71373403 and 922.
461
Calculate the highest common divisor of 1144583560 and 2280.
760
Calculate the highest common factor of 731922 and 3795696.
3678
What is the highest common divisor of 7403262 and 334434?
2406
Calculate the greatest common factor of 39996 and 91834452.
3636
Calculate the highest common factor of 12905560 and 88.
8
Calculate the highest common factor of 2072346 and 8832.
138
Calculate the highest common divisor of 848768 and 176.
16
Calculate the greatest common factor of 763 and 2173549.
7
What is the highest common factor of 32 and 55871000?
8
What is the greatest common divisor of 1080 and 29602170?
90
Calculate the highest common divisor of 5533 and 1331441.
503
Calculate the highest common factor of 297139 and 725353.
107
What is the greatest common divisor of 16767 and 472926?
69
Calculate the greatest common divisor of 65618 and 379974.
1526
What is the greatest common divisor of 24574312 and 448?
56
Calculate the greatest common divisor of 2790296 and 9635.
1927
What is the highest common factor of 25636 and 20242?
58
Calculate the highest common factor of 708461 and 11245.
13
What is the greatest common factor of 3 and 651375159?
3
What is the highest common divisor of 17533 and 1602623?
89
Calculate the highest common divisor of 12445 and 97945.
95
What is the highest common factor of 32315 and 165485?
115
What is the highest common divisor of 2840 and 22227544?
568
Calculate the greatest common factor of 727910052 and 12.
12
Calculate the greatest common divisor of 366 and 4986445.
61
Calculate the greatest common divisor of 3476 and 387732.
316
What is the greatest common divisor of 295 and 1542906345?
295
Calculate the highest common divisor of 305 and 94480399.
61
What is the highest common divisor of 161917 and 1043?
7
What is the highest common divisor of 7129152 and 4656?
48
Calculate the greatest common factor of 13230 and 966672.
882
What is the greatest common factor of 5296 and 14020928?
16
What is the highest common factor of 90306063 and 645?
129
Calculate the greatest common factor of 5312790 and 1080.
270
What is the highest common factor of 455 and 11821985?
35
Calculate the highest common factor of 718997 and 5.
1
Calculate the highest common factor of 1186836248 and 23984.
11992
What is the highest common divisor of 278373320 and 58?
58
What is the highest common divisor of 3980414 and 3842?
34
What is the highest common factor of 1362 and 368130894?
1362
Calculate the greatest common divisor of 58586864 and 112.
112
What is the highest common divisor of 26475818 and 810596?
10954
Calculate the greatest common divisor of 1347216520 and 6988.
6988
Calculate the highest common divisor of 535024248 and 5808.
2904
What is the greatest common divisor of 284 and 97156?
4
What is the greatest common divisor of 892031 and 15885?
353
Calculate the greatest common divisor of 20858592 and 192.
96
What is the highest common divisor of 2044 and 295504?
292
What is the highest common factor of 2310213768 and 24?
24
What is the highest common factor of 27062 and 28964072?
3866
Calculate the highest common factor of 902832 and 4410.
42
Calculate the greatest common factor of 127538895 and 660.
165
What is the highest common divisor of 186 and 195860294?
62
What is the highest common factor of 6100 and 56507350?
3050
What is the highest common factor of 10455757 and 29887?
247
Calculate the greatest common factor of 966 and 2966034.
138
What is the highest common divisor of 3935035 and 520?
65
What is the highest common factor of 150 and 10194740?
10
Calculate the highest common divisor of 3636 and 560208216.
1212
What is the highest common divisor of 8 and 7102744?
8
Calculate the greatest common divisor of 101633400 and 55100.
2900
What is the highest common divisor of 7744185 and 45?
45
Calculate the highest common divisor of 35 and 286923.
7
Calculate the greatest common divisor of 46949 and 379183.
133
Calculate the highest common divisor of 1039196669 and 917.
917
Calculate the highest common divisor of 442782 and 2754.
306
What is the highest common factor of 169 and 2982577?
13
Calculate the greatest common factor of 137347331 and 11.
11
Calculate the highest common divisor of 1496110328 and 8.
8
What is the greatest common divisor of 348091 and 48721?
587
Calculate the greatest common factor of 208 and 17222192.
208
Calculate the highest common factor of 2748 and 3983292.
12
What is the highest common divisor of 55210005 and 345?
345
What is the greatest common divisor of 48807 and 53506827?
2871
What is the greatest common factor of 24508 and 19536?
44
Calculate the highest common divisor of 15510 and 87120.
330
Calculate the highest common factor of 948621170 and 14060.
7030
What is the greatest common divisor of 21396228 and 200643?
4269
Calculate the greatest common divisor of 57785 and 2041065.
65
Calculate the highest common factor of 3318 and 9479526.
3318
What is the greatest common divisor of 45 and 47815029?
9
What is the greatest common factor of 2930751 and 144?
9
Calculate the highest common factor of 205687 and 1138521.
2897
What is the greatest common divisor of 6974058 and 98?
14
What is the greatest common factor of 1214106 and 10608?
102
What is the greatest common factor of 552 and 12572256?
24
Calculate the highest common factor of 4605040 and 2640.
880
What is the highest common factor of 3150099 and 84340?
4217
Calculate the highest common divisor of 1 and 173359.
1
Calculate the highest common factor of 34551384 and 16632.
168
What is the highest common divisor of 5049969 and 304776?
4233
Calculate the greatest common factor of 5 and 64776200.
5
What is the greatest common factor of 47488890 and 30?
30
What is the highest common factor of 126 and 20592621?
63
What is the highest common divisor of 54261 and 162?
9
What is the greatest common divisor of 3059 and 1400677?
23
What is the greatest common factor of 39630 and 426926064?
7926
What is the greatest common divisor of 406462858 and 38?
38
Calculate the highest common divisor of 2808 and 27663.
3
Calculate the greatest common divisor of 782937 and 83.
1
Calculate the greatest common divisor of 150 and 606012.
6
What is the highest common divisor of 109098 and 35467?
29
What is the greatest common factor of 3030768 and 6704?
16
Calculate the greatest common divisor of 75 and 197023110.
15
What is the greatest common factor of 3538 and 7018?
58
What is the greatest common divisor of 39468 and 46805?
253
Calculate the greatest common factor of 39314 and 2124452.
22
What is the highest common factor of 35737 and 15056273?
2749
Calculate the greatest common factor of 922658 and 7854.
374
Calculate the greatest common factor of 7816 and 54408.
8
Calculate the highest common divisor of 23922 and 170.
2
Calculate the highest common factor of 10333900 and 3450.
1150
Calculate the greatest common divisor of 6741 and 34965.
63
Calculate the highest common divisor of 7084 and 36112300.
644
Calculate the highest common factor of 458 and 65769258.
458
Calculate the greatest common divisor of 1 and 62029571.
1
What is the greatest common divisor of 11946895 and 5?
5
Calculate the highest common factor of 1001120 and 560.
80
What is the highest common divisor of 1046046 and 6440034?
3342
What is the highest common divisor of 9102 and 430336?
82
What is the greatest common factor of 44953113 and 666?
111
Calculate the highest common divisor of 16315810 and 210.
70
What is the highest common divisor of 104 and 9280622?
26
Calculate the highest common factor of 2551813 and 6649.
61
Calculate the highest common factor of 713388 and 16575.
663
What is the highest common divisor of 159831 and 1174631?
2537
What is the highest common factor of 253923 and 1219?
53
What is the highest common factor of 58335970 and 553?
553
Calculate the highest common divisor of 111785 and 1535.
5
Calculate the highest common divisor of 3323195 and 7448.
19
Calculate the highest common divisor of 2496 and 2145984.
192
Calculate the greatest common divisor of 114 and 430071042.
114
Calculate the highest common divisor of 11 and 302872889.
11
What